ber?
True
Suppose -646633 = 147*z - 2178693 - 7189891. Is z composite?
False
Let v be (-97)/(-9) - (-10)/45. Let b(r) = -4*r + 47. Let t be b(v). Is t - 0 - 3/((-3)/1144) a prime number?
False
Suppose 4*f + 3*x = 15588 + 18260, 0 = -6*x - 24. Is f composite?
True
Let b(c) = 137*c**2 - 3*c + 14. Let f be b(3). Let y = 7999 - f. Is y a composite number?
False
Suppose 2*f + 5*t = 3*f - 279289, -5*f + 4*t = -1396445. Suppose -18*p + f = 5*p. Is p prime?
True
Let m(o) = -74*o - 23. Let b(d) = -223*d - 66. Let x(s) = 4*b(s) - 11*m(s). Let h = 1 + -11. Is x(h) a composite number?
False
Suppose -25*j + 22*j = -21. Suppose j*t = 12*t - 4*o - 6307, o + 6298 = 5*t. Is t a composite number?
False
Let s = -8956 + 91834. Let z = s - 57577. Is z prime?
True
Let g(w) = -3*w**2 - 16*w + 21. Let v(o) = -12*o**2 - 64*o + 84. Let d(j) = 15*g(j) - 4*v(j). Let f(u) = 15*u**3 - 2*u + 1. Let p be f(1). Is d(p) prime?
False
Let m(f) = -291*f - 97. Let u = 111 + -127. Is m(u) a composite number?
True
Suppose 2*w - 2 = 0, 3*t - t - 2*w - 8 = 0. Suppose 2*u = -m, -t*m = u + 2*u. Suppose 0*q + 5*q + 3*g = 8993, 2*q - 3*g - 3614 = u. Is q a composite number?
False
Suppose -28 = 4*w - 4*b, 8 = w + 5*b + 27. Let z(m) be the second derivative of -29*m**3/6 + m**2 - 2*m. Is z(w) prime?
True
Suppose 5*t + f - 23 = 0, 10*t = 13*t - f - 9. Suppose -5*m = -3*g - 27530, -t*m + 0*g = 3*g - 22051. Is m a prime number?
False
Let v be -18*3/2*45. Let k(p) = 8*p**3 + 7*p**2 + 7*p + 12. Let q be k(-4). Let h = q - v. Is h prime?
False
Is ((-3274)/(-10))/((-553)/(-8295)) a prime number?
False
Suppose 4*p - 949372 = -3*s + 7*s, 5*p = -4*s + 1186751. Is p a composite number?
True
Let s(t) = t**3 - 8*t**2 - 22*t + 25. Let m be s(10). Suppose m*g + 2*w + 21739 = 8*g, 28947 = 4*g + 5*w. Is g composite?
False
Suppose 5*k - 46*x - 74710 = -51*x, 5*k - 5*x = 74700. Is k composite?
True
Let z(j) = 12*j**3 + 4*j**2 - 16*j - 3. Suppose -4*o - 4*o + 56 = 0. Is z(o) prime?
False
Suppose -o - 2*y = -2*o + 15, -18 = -o + 3*y. Let n(x) = 2*x**3 + 20*x**2 + 13*x + 44. Is n(o) composite?
True
Let c(h) = 112834*h - 676. Is c(5) prime?
False
Let g be -93 + 89 - (-18 - 1). Is (-347)/((-3)/g + -8 + 8) a composite number?
True
Let z = 20361 - 7202. Is z prime?
True
Let m(r) = 485*r**3 - 11*r**2 + 6 + 15*r + 7 + 7 - 17. Is m(2) composite?
True
Let f(b) = 141*b - 310. Let y be f(15). Suppose u = 7852 - y. Is u a composite number?
False
Suppose 21 + 3 = 4*s. Suppose 7*q = s*q + 15. Let a(v) = -v**3 + 18*v**2 - 22*v + 22. Is a(q) prime?
True
Let p be -4 + 5 - 158/(-2) - -2. Let x(b) = -105*b + 13 - p*b + 55*b. Is x(-8) a prime number?
True
Is 3971618/7*(-17)/((-68)/2) a composite number?
False
Let a(p) = p**2 + 9*p - 66. Let q be a(-14). Suppose -q*b = 4*u - u - 11238, 0 = -2*u - 4. Is b a prime number?
False
Let i(y) = 4832*y + 78. Let a be i(-5). Let c = -15591 - a. Is c prime?
False
Let f(q) = -89*q + 70. Let l be f(-7). Let t = -178 + l. Is t a prime number?
False
Is (8/20)/((-32)/(-16353040)) composite?
True
Let y(z) = -12*z**2 - 5*z + 7. Let u be y(7). Let l = -365 - u. Is l a prime number?
True
Suppose 127691 = 49*k - 29256. Let o(p) = p - 3. Let z be o(3). Suppose z = 4*x - k - 5393. Is x a composite number?
True
Let n(q) be the third derivative of 331*q**6/24 + q**5/30 - q**4/8 + q**3/2 - q**2. Suppose -5*o - 24 = a, 0*a - 24*a = o - 19. Is n(a) composite?
False
Let w(y) = -198*y**3 - 10*y**2 - 73*y + 4. Is w(-5) composite?
True
Let q = -288 + 288. Suppose q = m - 50 - 92. Is m composite?
True
Let r(m) = 473*m**2 + 16*m - 68. Is r(11) a composite number?
True
Let x = 113 - 57. Suppose -x*p + 20 = -52*p. Suppose p*i - 14971 = -6*i. Is i composite?
False
Let f = -81 + 87. Is (2/(6/(-7903)))/((-2)/f) prime?
False
Suppose 46*u + t = 45*u + 579120, -3*u = -t - 1737340. Is u a prime number?
False
Let l be 4 + (4 + -3328)*-2. Is l/10*(-150)/(-60) prime?
True
Let w(s) = s**3 + s**2 - 3*s + 3341. Let i(o) = -o**2 + 1. Suppose 0*k + 4*k = -l, 4 = -l. Let c be i(k). Is w(c) composite?
True
Let n be 0/(0 - -1) + -1 + 19. Suppose -14*q + n = -8*q. Suppose -4*t + 664 = t - 3*x, -q*x = -2*t + 271. Is t composite?
False
Let n = 33 + -25. Let m be (-12)/n*4/(-3). Suppose -3*d - b + 249 = 0, 158 = 4*d - 2*d - m*b. Is d composite?
True
Let s(i) be the first derivative of -22*i + 14 - 285/2*i**2. Is s(-7) composite?
False
Let y be 5*(81/15 + -6). Is (-1)/((-5)/(-2865)*y) composite?
False
Let v(l) = -99*l + 5. Let b be v(-5). Let i = 1505 - 1674. Let p = b + i. Is p a prime number?
True
Suppose -4*m = v - 13 - 1, -2*m = -2*v + 28. Suppose 5*q - h - 28348 = 0, v*q = 13*q - 3*h + 5660. Is q composite?
False
Let g(x) = -137*x**3 - 84*x**2 + 3 - 79*x**2 - 7*x + 160*x**2. Is g(-2) composite?
True
Let m(q) = -832*q - 2. Let x be m(-2). Let p = 49 + x. Is p prime?
False
Suppose 0 = 4*h + 3*m - 4*m - 7752555, 0 = 2*m + 14. Is h prime?
False
Let k be -7 + 7 + -2796 + 5. Let i = -1412 - k. Is i a prime number?
False
Let v(t) be the first derivative of -25/2*t**2 - 34*t + 39. Is v(-15) a prime number?
False
Suppose -h + 0 = -5. Suppose 7*m + 6106 = h*m. Let n = -1692 - m. Is n prime?
True
Let v be (-150)/20*(-2)/3. Suppose -m - 44 = -7*b + 2*b, 0 = b - v*m - 4. Is 7752/18 + 3/b a composite number?
False
Suppose 2*j - 70190 - 5045 = -5*y, 0 = -2*y + 2*j + 30080. Suppose -3*n + 22368 = 3*h, -3*h + y = 2*n + 128. Is n a composite number?
False
Let d be (46*23)/(5/(10/4)). Let n = 294 - d. Let p = -41 - n. Is p prime?
False
Let j = 83032 + -36413. Is j prime?
True
Is (8/(-24))/((-13)/530049) a prime number?
True
Let b(l) = l**2 - 25*l + 2235. Let t be b(0). Suppose -490*s + t = -485*s. Is s a composite number?
True
Let p be 5 + -6 + -20 + 7. Let k(t) = -t**3 - 10*t**2 - 24*t + 7. Let h(n) = -n**3 - 11*n**2 - 23*n + 7. Let u(f) = 5*h(f) - 4*k(f). Is u(p) composite?
True
Let q be -2 - (-2 + 1) - -4. Let u be (37575/(-375))/(9/(-100))*(-6)/4. Is 3/9 - u/q a composite number?
False
Let o(p) = 51*p**2 - 78*p + 167. Is o(34) a composite number?
True
Let j(x) be the second derivative of x**6/45 - 7*x**5/60 + 19*x**4/24 + 5*x**3/3 - 9*x. Let g(w) be the second derivative of j(w). Is g(8) prime?
True
Suppose -77*f - 162 = -86*f. Suppose -f*l = 11*l - 949721. Is l a composite number?
False
Let k = -349 + 510. Suppose k*t - 153*t - 1624 = 0. Is t prime?
False
Let l(y) = 416*y - 34. Is l(57) composite?
True
Let d = 37 + 778. Is ((-226)/(-452))/(d/814 - 1) prime?
False
Let n be 43*10*(2 - 144/15). Is (1 - n/6)/((-37)/(-111)) composite?
False
Let u(w) = 42256*w**2 + 3. Is u(2) a composite number?
True
Let d(w) = w + 8. Let j be d(0). Suppose 2*k = 2*v - 1060, 0 = -j*v + 3*v + 4*k + 2655. Is v composite?
True
Suppose 7*t - 9*t = 3*k - 128861, -2*t + 42955 = k. Is k composite?
False
Let n(y) = -455291*y**3 - y**2 - 281*y - 280. Is n(-1) composite?
False
Is 7271 - ((6 - 18) + -14) composite?
False
Suppose 3*r - 2*s = 12, -3 = -5*r - s + 17. Suppose r*b - t - 4417 = 0, -4*t + 792 = -4*b + 5224. Is b prime?
True
Let r be (-18318)/(-2) + (-10)/(-5) - 2. Suppose 6568 = 3*m + 2*b - 7174, 2*m = b + r. Let y = m + -2365. Is y a composite number?
True
Is (-47)/94*(-72861 + -5) a prime number?
True
Suppose 3*i - 10768823 + 64076396 = 132*i. Is i composite?
True
Suppose 0 = -36*b + 11*b + 150. Suppose -u + f + 1586 = -4173, 3*f = b. Is u a composite number?
True
Suppose 243605 = -19*p + 18*p + 6*p. Is p composite?
True
Let q(a) be the third derivative of 13*a**6/30 - a**5/60 + a**4/24 - a**3/2 - 2*a**2. Let y(j) be the first derivative of q(j). Is y(-2) prime?
False
Let x = -223 - -924. Suppose 3505 = 5*h - 6*z + z, -x = -h - 2*z. Is h prime?
True
Suppose -6*v + 124 = 34. Suppose v*x - 6*x = -569826. Is x/(-26) + 26/(-169) composite?
True
Let j be 175/42 - (33/18)/11. Suppose 3*z - 2*i = 27673, -3*i - 24978 = -j*z + 11918. Is z composite?
False
Let b(t) = 58*t**2 + 114*t - 71. Is b(-20) composite?
False
Let y(m) = -5*m + 27. Let t be y(-4). Let a = t - 47. Suppose o - 721 - 1848 = a. Is o composite?
True
Let d(k) be the second derivative of k**5/20 - k**4/6 - k**3/3 + 13223*k**2/2 + 62*k. Is d(0) a composite number?
True
Let u = -32 + 26. Let m be (6 + 440)*1/u*-21. Suppose -h - 3*w = 3*h - 2078, w - m = -3*h. Is h a composite number?
False
Suppose 0 = -3*q - 2*z